+ r**2. Suppose 4*u + 124 = 128. Is o(u) a prime number?
False
Suppose -4*y - 988 = -7*y - 2*p, 306 = y - 4*p. Let k be (-34)/(-10) + (-4)/10. Suppose -y = -k*v + v. Is v a prime number?
True
Let t be 1/1 - (9 - 21). Suppose 4470 = t*u - 7*u. Is u composite?
True
Is ((-6064)/(-48))/(2/102) composite?
True
Suppose -5*a + 4*a = 9. Let v be 1 + 0 - (6 + a). Is 22/v - (-4)/8 prime?
False
Let i = 77 - 25. Let k = 173 - i. Let n = 492 - k. Is n composite?
True
Let m(b) = 3588*b**2 + 14*b + 69. Is m(-5) composite?
True
Suppose 10 = -2*f - 2*x + 6*x, 4*x = -f + 7. Let q be 28 - f/2*0. Suppose -3*y + 5*w + q = -y, 3*w - 14 = -y. Is y a composite number?
True
Let r be (-1 + 1 - 0)/1. Suppose r = -3*s + 6*t - 3*t + 246, -3*s - 5*t = -270. Is s a prime number?
False
Suppose 0*p + 3*p = 267. Suppose 12*d - 13*d = -p. Is d a prime number?
True
Suppose -3*m + 9 - 6 = 0. Let x(j) = 2*j. Let z be x(m). Suppose 4*n - 352 = -4*d + z*n, 0 = 4*n - 8. Is d prime?
False
Suppose 0 = -7*a + 9*a - 12. Let r be (a/2 + -2)*909. Suppose 3*y - r = -3*b, 4*y + 2*b - b - 1218 = 0. Is y a prime number?
False
Is -4 + 1*2*(-2505)/(-30) composite?
False
Suppose -10*d + 6*d = 8. Let u be (105/(-56)*-2)/((-6)/(-32)). Let q = u - d. Is q prime?
False
Let d(n) = 4*n**2 + 3*n + 2. Let v be d(-2). Let y be v + -8 + 0 + 2. Suppose 2*h - 4*h = y, -4*m + 1841 = -3*h. Is m a prime number?
False
Let i = 1782 - -1861. Is i prime?
True
Suppose 0*l + 3*l = 3*d - 6, 2*d = -3*l - 6. Suppose d = 5*c + 4 + 1, -2*s = 2*c - 2. Is (-5)/10 + 311/s a prime number?
False
Suppose -3*o + 2575 = 682. Is o prime?
True
Is ((-5)/10)/(12/(-125016)) a prime number?
True
Let x(q) = -2*q**2 - q + 1151. Let a(w) = -2*w - 4*w - 4 + 8*w - 14. Let t be a(9). Is x(t) composite?
False
Suppose -2*c + 252 = -154. Suppose 0 = -4*u + 4873 + c. Suppose -4*n + 7*n - 913 = 4*h, 0 = 4*n + 5*h - u. Is n prime?
True
Suppose -4*d = -4*w - 2784, 3*d + 0*w - w - 2098 = 0. Is d prime?
True
Suppose -10*v = -6*v - 8, 0 = -2*p - 2*v + 2642. Is p prime?
True
Let k(v) be the third derivative of v**6/120 - v**5/12 - v**4/12 - 5*v**3/6 + 8*v**2. Let z be 7/((-21)/(-18)) + 1. Is k(z) a composite number?
False
Suppose a - 2*l = -4, 2*a - 2 = -a - l. Suppose -1 = -i, r - i - 3*i = a. Is 1110/(-40)*r/(-3) a prime number?
True
Suppose 5*r - 14663 = 3*q, 7*q + 2915 = r + 2*q. Is r prime?
False
Let z(h) = -392*h + 75. Is z(-17) composite?
True
Let x(z) = 151*z**2 - 27*z + 1. Is x(4) a prime number?
True
Let w(r) = 2 - r + 2*r**2 - 15*r**3 + 0 - 3*r**3 - 7. Is w(-3) prime?
False
Let p(q) = 4*q**3 + 9*q**2 + q - 9. Let u be p(12). Let a = u - 16125. Is a/4*(-4)/6 a prime number?
True
Let z be (85 + 17)*3/2. Let g = z - 64. Is g a composite number?
False
Suppose k + 6 = 3*u - 28, 4*u - 3*k = 37. Suppose -1810 = -u*t + 6939. Is t a prime number?
True
Let f(v) = v**3 + 42*v**2 + 8*v - 1. Is f(-30) composite?
False
Let d(n) = -35*n**2 - 7*n + 2. Let j be d(-4). Let g = 1867 + j. Is g composite?
True
Suppose -1003 = 4*z - 5*k, -3*k = -3*z - 6*k - 786. Let g = z - -1878. Is g a composite number?
False
Let c be ((-30)/(-35))/(2/(-14)). Let j be -1*(c + 4 + -3). Suppose j*b = 156 + 9. Is b a prime number?
False
Let z(o) = 23*o**2 - 24*o + 12. Is z(7) a composite number?
False
Suppose 17*i - 14*i = 2370. Suppose 0 = 2*l - 0*l - i. Is l a composite number?
True
Let b be (-22)/(-99) - 25/(-9). Suppose 1228 = -4*k + 5*o, -5*k - b*o - 1535 = 2*o. Let c = -162 - k. Is c a composite number?
True
Let s be 15454/(-7) + (-16)/56. Let p = 4643 + s. Is p a composite number?
True
Suppose 59 = 2*a - f - 118, 2*f = -4*a + 350. Suppose -l + 4 = -7. Let s = a - l. Is s a composite number?
True
Let z(h) = 38*h + 1. Let n be z(-17). Let a = 1484 + n. Is a a composite number?
False
Let r(j) = 29*j**3 + 5*j**2 - 4*j - 1. Let h be ((-6)/7)/((-8)/28). Is r(h) a prime number?
False
Let x = -36 + 3833. Is x composite?
False
Is ((-30)/18)/5 - (-34972)/3 a prime number?
True
Let a = 168 + -164. Let r(u) = -u**3 - 7*u**2 + u + 9. Let p be r(-7). Suppose -910 = -2*y - a*h, 0*h - 1325 = -3*y + p*h. Is y composite?
True
Let h be ((-1875)/10 - 3)*4/(-6). Is (-2 - -5)*h - 2 prime?
True
Let b = 949 - 678. Suppose -5*i + 3*i = -3*y - b, 5*y = -i + 116. Is i prime?
True
Let l(h) = -h**3 - 169. Let k be l(0). Let a = 1243 + -729. Let c = a - k. Is c a prime number?
True
Is 0 + -5 - (0 + -14442) a prime number?
True
Suppose 0 = -v + 1308 + 3223. Is v prime?
False
Let m = -6810 + 10523. Let g = m + -2436. Is g composite?
False
Is 3*5*(-282951)/(-135) prime?
False
Let w(t) be the first derivative of -47*t**2 - 2*t - 9. Let b be w(3). Is (-13)/(-39) + b/(-3) a prime number?
False
Let a(f) = -f**3 + 3*f**2 - f. Let i be a(3). Let m = i + 9. Is (-2)/(-4 + 21/m) a prime number?
False
Suppose -29201 - 3504 = -5*i. Is i prime?
False
Let w(z) = 38*z - 1. Let y = -1 + 8. Is w(y) prime?
False
Suppose 33*j - 7 = 26*j. Is 1926 - (j + -4 - 2) a composite number?
False
Let g be (-428)/(-8)*28/(-1) - -4. Let u = 2521 + g. Is u a composite number?
True
Let q(h) = h - 6. Let x be q(7). Is x/((3/(-149))/(-3)) composite?
False
Suppose 4*r - 16379 = -1767. Is r a composite number?
True
Let q(y) = 7*y**2 + 12*y + 10. Let b be -23 - (-2 + 8)/(-3). Let t = b + 12. Is q(t) composite?
True
Let u(l) = 3*l - 2. Let t be u(2). Let g(a) = 28*a + 9. Is g(t) composite?
True
Let d(h) be the first derivative of -h**4/2 - 58*h**3/3 - h**2 + 9*h - 3. Is d(-29) a prime number?
True
Let o be 4 - (1 - 0)*-107. Let g be (-2)/8 + o/12. Suppose -g*h + 418 = -7*h. Is h composite?
True
Let l(c) = -2839*c - 15. Is l(-2) prime?
False
Let h(a) = -3*a + 0*a + 2*a + 5 + 2*a. Let u be h(-8). Is (u/(-2))/((-18)/(-708)) a prime number?
True
Let t(u) be the first derivative of 37*u**2/2 + 7*u - 3. Let k be t(-5). Let x = -33 - k. Is x composite?
True
Let l = 35 + 77. Suppose -5*m = l - 437. Is m a prime number?
False
Suppose 2*d - 721 = -3*d + 2*l, 4*l = 5*d - 717. Suppose 146*f - 3371 = d*f. Is f prime?
True
Let p(j) = -4*j**2 + 7*j - 7. Let f be p(5). Let x = -135 - f. Let y = -24 - x. Is y a composite number?
True
Let g(m) = m - 1. Let c be g(-3). Let h be c + 2 - (-1 - 1). Suppose h = -z + 5*z + 4*s - 20, 0 = -5*s - 10. Is z a composite number?
False
Let c(w) = 5*w - 10. Let y be c(22). Let f = 749 - y. Is f prime?
False
Suppose 14 = 2*h + 2*c, -2*h + 23 = 3*h + c. Suppose -3*i + 4*g = -11383, -h*i + 5*g - 7976 = -23153. Suppose -8*w + 1671 = -i. Is w a prime number?
True
Suppose 6*r + 2*z - 810 = 2*r, -z = 3. Let u = r + -55. Is u a composite number?
False
Let r = 47 + -27. Let w = -17 + r. Suppose s - w*i - 235 = -7*i, 0 = -3*s + i + 757. Is s a prime number?
True
Is ((-12)/3)/1 + 697 - 4 prime?
False
Is ((-504)/(-108))/(2/11157) prime?
False
Suppose 3*v - 46431 = -4*g, -2*g - 7119 = -3*v + 39330. Is v a prime number?
False
Let o = 41 + -12. Suppose -o = -3*m + 16. Is m prime?
False
Suppose 0 = -c + 6 - 8. Let u be c/(-16) + (-90)/(-48). Suppose 5*n + a = 1261, -u*n - 4*a = -6*n + 1028. Is n composite?
True
Let q = -136904 + 199847. Is q composite?
True
Suppose 3*t - 31359 = 13824. Is t prime?
True
Let o(r) be the third derivative of r**5/6 + r**4/4 + r**3/6 + 6*r**2. Is o(7) composite?
True
Let p(i) = i. Suppose -h + 9 = 3*k, h + 2*k - 4*k + 6 = 0. Let a be p(h). Let z(o) = o**2 - o + 409. Is z(a) a prime number?
True
Let o(b) = 4*b - 5*b + 8 - 37. Let w be o(-14). Is -183*5/w + 4 prime?
False
Let s = 40645 + -11118. Is s a composite number?
False
Let p(b) = 6*b - 1. Let c be p(-1). Let u be ((-4)/(-7))/(c/(-49)). Is (134/u)/((-2)/(-4)) prime?
True
Is -37166*(-2)/(-8)*(-4 - -2) prime?
True
Suppose -56*t + 322 = k - 53*t, -25 = -5*t. Is k a composite number?
False
Let z(a) = a**2 - 6*a + 10. Let w be z(5). Suppose -6*l = -w*l - 521. Is l prime?
True
Let d be 1/(-4 - (-21)/5). Suppose -2*k - 226 - 32 = -2*g, -g - d*k + 117 = 0. Is g composite?
False
Suppose 434*g + 497540 = 454*g. Is g prime?
True
Let f = 5 - -2. Suppose 1 = -3*x + f. Suppose 4*g - 67 = 4*j - 11, -x*j - 85 = -5*g. Is g prime?
True
Suppose n + 1419 = 5*g, -5*n - 1152 = g - 5*g. Suppose -g + 34 = -3*b. Is b a composite number?
False
Let z = 93 + -91. Suppose -4*k + 1622 = -2*t, 0 = z*k + k + 4*t - 1233. Is k composite?
True
Let v(r) = 411*r**2 - 10*r + 9. Is v(-5) compo